{"id":81,"date":"2019-10-16T20:28:25","date_gmt":"2019-10-16T18:28:25","guid":{"rendered":"http:\/\/www.sana-terapia.pl\/?page_id=81"},"modified":"2026-01-10T13:13:26","modified_gmt":"2026-01-10T12:13:26","slug":"emdr","status":"publish","type":"page","link":"https:\/\/www.sana-terapia.pl\/?page_id=81","title":{"rendered":"EMDR"},"content":{"rendered":"\n<p>Od pewnego czasu rozpocz\u0119\u0142am r\u00f3wnie\u017c prac\u0119 metod\u0105 EMDR. Jest to metoda pracy przede wszystkim z do\u015bwiadczeniami traumatycznymi, zar\u00f3wno traumami prostymi jak i z\u0142o\u017conymi.<\/p>\n\n\n\n<p>EMDR, Eye Movement&nbsp; Desensitization and Reprocessing, t\u0142umaczy si\u0119 na j\u0119zyk polski jako Terapia odwra\u017cliwiania za pomoc\u0105 ruchu ga\u0142ek ocznych.<\/p>\n\n\n\n<p>EMDR jest terapi\u0105 ustrukturalizowan\u0105, \u0142\u0105cz\u0105c\u0105 w&nbsp;sobie elementy wielu podej\u015b\u0107 psychoterapeutycznych, jednak tym, co j\u0105 od tych podej\u015b\u0107 odr\u00f3\u017cnia, jest jej aspekt neurofizjologiczny. <br>Francine Shapiro, kt\u00f3ra opracowa\u0142a t\u0119 metod\u0119, odkry\u0142a, i\u017c szybkie i powtarzaj\u0105ce si\u0119 ruchy oczami wp\u0142ywaj\u0105 na obni\u017cenie si\u0119 poziomu l\u0119ku do\u015bwiadczanego przez osoby, kt\u00f3re wcze\u015bniej prze\u017cy\u0142y tragiczne, traumatyczne wydarzenia. (Za  <a href=\"https:\/\/emdr.org.pl\/o-emdr\/\">https:\/\/emdr.org.pl\/o-emdr\/<\/a>)<\/p>\n\n\n\n<p>Metoda EMDR mo\u017ce by\u0107 r\u00f3wnie\u017c stosowana w zaburzeniach l\u0119kowych.<\/p>\n\n\n\n<p>Cena za indywidualn\u0105 sesj\u0119 terapeutyczn\u0105 wynosi <strong>180 z\u0142.<\/strong><\/p>\n","protected":false},"excerpt":{"rendered":"<p>Od pewnego czasu rozpocz\u0119\u0142am r\u00f3wnie\u017c prac\u0119 metod\u0105 EMDR. Jest to metoda pracy przede wszystkim z do\u015bwiadczeniami traumatycznymi, zar\u00f3wno traumami prostymi jak i z\u0142o\u017conymi. EMDR, Eye Movement&nbsp; Desensitization and Reprocessing, t\u0142umaczy si\u0119 na j\u0119zyk polski jako Terapia odwra\u017cliwiania za pomoc\u0105 ruchu ga\u0142ek ocznych. EMDR jest terapi\u0105 ustrukturalizowan\u0105, \u0142\u0105cz\u0105c\u0105 w&nbsp;sobie elementy wielu podej\u015b\u0107 psychoterapeutycznych, jednak tym, co [&hellip;]<\/p>\n","protected":false},"author":1,"featured_media":0,"parent":0,"menu_order":3,"comment_status":"closed","ping_status":"closed","template":"","meta":[],"_links":{"self":[{"href":"https:\/\/www.sana-terapia.pl\/index.php?rest_route=\/wp\/v2\/pages\/81"}],"collection":[{"href":"https:\/\/www.sana-terapia.pl\/index.php?rest_route=\/wp\/v2\/pages"}],"about":[{"href":"https:\/\/www.sana-terapia.pl\/index.php?rest_route=\/wp\/v2\/types\/page"}],"author":[{"embeddable":true,"href":"https:\/\/www.sana-terapia.pl\/index.php?rest_route=\/wp\/v2\/users\/1"}],"replies":[{"embeddable":true,"href":"https:\/\/www.sana-terapia.pl\/index.php?rest_route=%2Fwp%2Fv2%2Fcomments&post=81"}],"version-history":[{"count":6,"href":"https:\/\/www.sana-terapia.pl\/index.php?rest_route=\/wp\/v2\/pages\/81\/revisions"}],"predecessor-version":[{"id":143,"href":"https:\/\/www.sana-terapia.pl\/index.php?rest_route=\/wp\/v2\/pages\/81\/revisions\/143"}],"wp:attachment":[{"href":"https:\/\/www.sana-terapia.pl\/index.php?rest_route=%2Fwp%2Fv2%2Fmedia&parent=81"}],"curies":[{"name":"wp","href":"https:\/\/api.w.org\/{rel}","templated":true}]}}